 29093 and 81708.
619
What is the highest common divisor of 46620 and 660?
60
What is the highest common factor of 2046 and 589930?
682
Calculate the highest common divisor of 184 and 1346.
2
What is the greatest common divisor of 52 and 86190?
26
What is the highest common divisor of 104 and 31434?
26
Calculate the highest common divisor of 85 and 534990.
85
What is the greatest common factor of 86724 and 29700?
1188
Calculate the greatest common factor of 372 and 108.
12
Calculate the highest common divisor of 186787 and 1812.
151
Calculate the greatest common factor of 621 and 81.
27
What is the highest common factor of 275248 and 1616?
16
What is the highest common factor of 702 and 9399?
39
What is the greatest common factor of 3192 and 169344?
168
Calculate the highest common factor of 12137 and 229.
229
Calculate the greatest common factor of 6588 and 23241.
183
What is the highest common divisor of 3815 and 46760?
35
Calculate the highest common factor of 375669 and 89.
89
What is the greatest common divisor of 11360 and 20?
20
What is the highest common factor of 7784 and 44072?
56
Calculate the greatest common factor of 168 and 103208.
56
What is the highest common divisor of 14 and 15099?
7
Calculate the highest common factor of 427570 and 16874.
286
What is the greatest common factor of 6176 and 736?
32
What is the greatest common factor of 385 and 375914?
77
Calculate the highest common factor of 231976 and 11924.
1084
Calculate the highest common divisor of 229257 and 378.
189
What is the highest common divisor of 9680 and 1360?
80
What is the greatest common divisor of 845 and 207545?
65
Calculate the greatest common factor of 25575 and 325.
25
What is the greatest common divisor of 601284 and 12?
12
Calculate the greatest common divisor of 45 and 72000.
45
What is the greatest common factor of 792285 and 120?
15
Calculate the highest common factor of 165 and 2285965.
55
Calculate the greatest common divisor of 218830 and 445970.
2770
What is the highest common factor of 212 and 682852?
212
Calculate the highest common divisor of 735 and 1085.
35
What is the greatest common factor of 440 and 15686?
22
Calculate the highest common factor of 348 and 36627.
87
Calculate the highest common factor of 31 and 718487.
31
Calculate the greatest common factor of 43 and 11008.
43
Calculate the highest common divisor of 662471 and 995.
199
What is the highest common divisor of 15 and 2435?
5
Calculate the greatest common factor of 70 and 3140.
10
What is the greatest common factor of 19899 and 2151?
9
Calculate the highest common divisor of 294960 and 42.
6
What is the greatest common factor of 45 and 22395?
15
Calculate the greatest common divisor of 57246 and 21.
21
Calculate the greatest common divisor of 16 and 13748.
4
Calculate the highest common divisor of 107 and 107.
107
Calculate the highest common divisor of 3131 and 66256.
101
What is the highest common divisor of 32 and 2308?
4
What is the highest common factor of 1107 and 5625?
9
Calculate the highest common divisor of 49 and 1688.
1
What is the greatest common divisor of 500 and 163250?
250
Calculate the highest common divisor of 7872 and 385974.
246
Calculate the greatest common factor of 34 and 795379.
17
What is the greatest common divisor of 3488 and 3382052?
436
What is the highest common factor of 2862 and 38001?
159
Calculate the greatest common factor of 93192 and 72.
24
What is the greatest common divisor of 635265 and 475?
95
Calculate the greatest common divisor of 1950 and 149214.
78
What is the highest common factor of 2425 and 978245?
485
What is the greatest common divisor of 4 and 109576?
4
Calculate the highest common factor of 515 and 2770.
5
What is the highest common divisor of 260 and 38415?
65
What is the greatest common factor of 94 and 47470?
94
What is the highest common divisor of 1144 and 1157?
13
Calculate the highest common factor of 22350 and 18.
6
What is the highest common divisor of 2672 and 219772?
668
Calculate the highest common factor of 1274 and 10584.
98
What is the highest common divisor of 2031714 and 369?
369
What is the greatest common factor of 15769 and 156?
13
What is the highest common divisor of 40 and 4872?
8
What is the greatest common factor of 503875 and 250?
125
What is the greatest common factor of 6403 and 50863?
19
Calculate the highest common divisor of 13460 and 790.
10
Calculate the greatest common divisor of 161710 and 31930.
1030
Calculate the greatest common factor of 2376 and 9416.
88
What is the highest common factor of 1193788 and 8940?
596
What is the highest common divisor of 1584 and 5247?
99
Calculate the highest common divisor of 2321 and 33338.
211
Calculate the highest common divisor of 1013038 and 1222.
1222
Calculate the greatest common factor of 340 and 21488.
68
What is the greatest common divisor of 17776 and 880?
176
Calculate the highest common factor of 432 and 485712.
144
Calculate the greatest common factor of 913715 and 814.
407
Calculate the highest common divisor of 988 and 123994.
494
What is the greatest common factor of 127 and 105029?
127
Calculate the highest common divisor of 19950 and 23408.
266
What is the highest common factor of 19 and 96064?
19
Calculate the greatest common factor of 6240 and 744.
24
What is the greatest common divisor of 434 and 979228?
62
What is the highest common factor of 3008 and 576?
64
Calculate the highest common divisor of 2171 and 428021.
167
What is the greatest common divisor of 33291 and 1890?
27
Calculate the greatest common divisor of 1572815 and 87.
29
What is the greatest common divisor of 45168 and 48?
48
Calculate the highest common factor of 6559 and 371.
7
What is the greatest common divisor of 784 and 488?
8
What is the greatest common divisor of 258896 and 16?
16
What is the greatest common factor of 473 and 1969?
11
What is the greatest common divisor of 75 and 208900?
25
Calculate the greatest common divisor of 2809911 and 661.
661
Calculate the highest common factor of 287 and 1791454.
287
Calculate the highest common factor of 14282 and 47478.
386
Calculate the greatest common factor of 234 and 99000.
18
Calculate the highest common factor of 584 and 2944.
8
What is the greatest common factor of 364 and 26390?
182
What is the highest common divisor of 3834 and 954?
18
What is the highest common divisor of 10978 and 902?
22
Calculate the highest common divisor of 25077 and 8658.
39
What is the greatest common divisor of 868 and 19383?
7
Calculate the highest common factor of 13255 and 187.
11
What is the highest common factor of 16899 and 903?
129
Calculate the highest common factor of 120 and 2892.
12
What is the highest common divisor of 78076 and 894?
298
Calculate the greatest common divisor of 1818 and 306.
18
What is the highest common factor of 1221 and 902?
11
What is the highest common factor of 5364844 and 556?
556
What is the greatest common divisor of 788158 and 3724?
266
Calculate the highest common divisor of 7770 and 653568.
222
What is the highest common divisor of 189 and 9926?
7
Calculate the greatest common divisor of 3818080 and 320.
160
Calculate the highest common factor of 11223819 and 54.
27
Calculate the highest common divisor of 27 and 150867.
9
Calculate the greatest common divisor of 1001589 and 153.
51
Calculate the greatest common divisor of 233292 and 6.
6
Calculate the greatest common factor of 58847 and 4814.
83
Calculate the greatest common factor of 393872 and 23422.
478
What is the highest common divisor of 22337 and 259?
7
Calculate the highest common factor of 515748 and 4.
4
Calculate the highest common factor of 279633 and 816.
51
Calculate the greatest common factor of 615 and 6360.
15
Calculate the greatest common divisor of 237922 and 15179.
353
What is the highest common divisor of 21 and 769719?
3
Calculate the greatest common factor of 504807 and 3.
3
Calculate the greatest common divisor of 861 and 1355501.
287
Calculate the highest common divisor of 69 and 376303.
23
Calculate the highest common factor of 91950 and 100.
50
What is the greatest common factor of 3521825 and 50?
25
What is the greatest common divisor of 1323 and 32481?
27
Calculate the greatest common factor of 8393 and 11